 - 15*k + 5*h + 445, -4*k + 425 = -h. What is the hundreds digit of k?
1
Let a = -1583 + 5665. Suppose 11*c - a = 5290. Suppose 4*z - c = -2*z. What is the hundreds digit of z?
1
Let c = -4978 + 10209. What is the thousands digit of c?
5
Suppose 291 = -5*l - 59. Let w = l - -75. Suppose 5*t = -w*f + 250, -9 - 50 = -t - 4*f. What is the tens digit of t?
4
Suppose n + 9680 = 3*n + 4*z, 0 = 2*n - 2*z - 9668. Suppose n = 12*c - 1020. What is the units digit of c?
8
Suppose -7*c - 4*p + 606 = -5*c, -3*p + 1217 = 4*c. What is the tens digit of c?
0
What is the ten thousands digit of 2/4 + (-2035053)/(-102)?
1
Let j = 109 + -67. Let z = j + -29. Suppose z*k = 18*k - 410. What is the units digit of k?
2
Suppose i = q - 6*q + 2586, -3*q = 4*i - 10361. Suppose -i - 745 = -2*x. What is the units digit of x?
8
Suppose -21*c + 57 + 48 = 0. Let j be 3 + 4/6*3. Suppose 484 = 3*z + z + 5*i, 650 = j*z - c*i. What is the tens digit of z?
2
Let j = 2667 - 883. Let x = j - 573. What is the tens digit of x?
1
Suppose u + 2368 - 2394 = 4*r, -3*u + 4*r + 30 = 0. Let z(y) = 81*y + 24. Let m(l) = 163*l + 49. Let b(o) = -2*m(o) + 5*z(o). What is the units digit of b(u)?
0
Let l = -5797 + 3614. Let z = -785 - l. What is the tens digit of z?
9
What is the hundreds digit of (-13 - -25) + -15 - 208728/(-6)?
7
What is the thousands digit of ((-131494)/44)/(2 + 5/(-2))?
5
Suppose -39*n - 16*n = -720359 - 449656. What is the units digit of n?
3
Let x = 15013 - 7636. What is the thousands digit of x?
7
Let y be (-4)/12*88 - (-2)/6. Let q = -26 - y. What is the hundreds digit of (0 + -92)/(q*10/(-75))?
2
Let n(o) = -20*o + 144. Let d(f) = 21*f - 146. Let g(s) = -3*d(s) - 4*n(s). What is the hundreds digit of g(23)?
2
Suppose -29*x + 46*x + 102 = 0. What is the tens digit of 87 + x + (9 - -5)?
9
Suppose 17*u - 16*u - 2 = 0. Let m be (-286)/(-66) - 1/3. Suppose -m*a + 21 = 3*n, -3*a + u*n + 3 = -0*n. What is the units digit of a?
3
Let t be (178/(-4))/(37/(-370)). Suppose -t*p + 4785 = -434*p. What is the tens digit of p?
3
Let m = 495 + -265. What is the tens digit of (-3092)/(-10) + (-46)/m?
0
Suppose 76*t = 57*t + 202806. What is the thousands digit of t?
0
Let a be (4/6)/((-30)/(-1260)). Let y(g) = -2*g**3 + 59*g**2 - 55*g + 70. What is the hundreds digit of y(a)?
8
Suppose -b + a = -0*a - 19984, 2*b + 6*a = 39952. What is the thousands digit of b?
9
Suppose 5*d + 28 = 4*q, -14 = -2*q - d - 0*d. Let v be (-7569)/(-21) + (-3)/q. What is the tens digit of (13/4)/(18/v)?
6
Suppose -2*g - 11 = -19. Suppose 0 = -2*p - 4*v + 480, -3*v + 5*v = g. What is the hundreds digit of p?
2
Suppose -5*q + 5 = 0, 3*g + 3*q = 8*g - 2197. What is the tens digit of ((-30)/(-125)*5)/(6/g)?
8
Let y be (-1 - 1)*6/(-12) - -35. Suppose -4*q - y = -7*q. What is the units digit of q?
2
Let j(q) be the second derivative of q**5/5 - q**4/4 - q**3/6 - 9*q**2/2 + 130*q. What is the units digit of j(5)?
1
What is the units digit of 25830 + 0 + 10 + -13?
7
What is the ten thousands digit of ((-54)/(-9) + -3)/(-1) - -18378?
1
Let m be (81/(-15))/(24/(-80)). Let c(p) = -p + m - 18 + 10*p. What is the units digit of c(8)?
2
Suppose 0 = -195*o + 45*o + 2457925 + 5885225. What is the units digit of o?
1
Let g be ((35/(-7))/(-15))/(2/407214). Let n be g/72 - 3/(-8). Suppose n = 4*w - a, 2*w + 4*a + a = 477. What is the units digit of w?
6
Suppose -15*c = 4*t - 31565 - 26489, -c + 4*t + 3866 = 0. What is the units digit of c?
0
Suppose -u - 204 = -1792. What is the tens digit of u?
8
Let b(x) = -6*x**3 - 12*x**2 - 15*x - 24. Let c(t) = 5*t**3 + 12*t**2 + 15*t + 23. Let o(z) = -4*b(z) - 5*c(z). What is the tens digit of o(-12)?
6
Let n = 331 - 633. Let t = n + 1197. What is the units digit of t?
5
Suppose 2*p - 4*n - 29296 = 91726, 5*p - 4*n = 302513. What is the units digit of p?
7
Let w be 1/4 + (-10 - 28237/(-44)). Let p = w - 277. What is the hundreds digit of p?
3
Let x = 246 + -242. Suppose 5*w - 1069 - 681 = 5*y, -x*y - 1745 = -5*w. What is the units digit of w?
5
Let l = 1379 - 689. Let i = -109 + l. What is the hundreds digit of i?
5
Let o = -311 + 330. Let s(n) = 36*n - 6. What is the units digit of s(o)?
8
Let j be 18*(2 + (-14)/6). What is the units digit of 22/(11/((-1023)/j))?
1
Let b be 14*3 - (2 + 4/4). Let h = b + -37. What is the tens digit of 798/9 + h/6?
8
Suppose 14*q = 11768 - 134. Suppose 0 = a - 4*z - q, -4*a + 3248 = -2*z + 5*z. What is the units digit of a?
5
Suppose -28*o + 593202 = 41*o - 331260. What is the tens digit of o?
9
Suppose 82 = 2*y + 80. Let x be y + 4 + 2 + -9. What is the tens digit of x - 3*-4*(-50)/(-15)?
3
Suppose -12*t = -23*t - 2849. Let x = t + 605. What is the hundreds digit of x?
3
What is the units digit of (-12 - (-7425)/(-3))/(9/(-6))?
8
What is the hundreds digit of 735/49 + (-8 - -55577)?
5
Suppose -23*h = 10*h + 36960. Let o = -633 - h. What is the units digit of o?
7
Suppose -5*h - 20 = -9*h. Suppose -403 - 447 = -h*l. What is the hundreds digit of 96/120*l*(-3)/(-4)?
1
Let q be 252 - ((-13 - -11) + 5). Suppose -l = 5*h - 22, -4*h + 10 = -l - 2*l. What is the tens digit of q/(3 + (-22)/h + 4)?
6
What is the thousands digit of (148974/(3 - -18))/(4/6)?
0
Suppose -f - 2*v = -3, -4 = -f + v - 2*v. Suppose -25 + 5 = -p + r, -f*p + 4*r = -98. Let b = p - -29. What is the tens digit of b?
4
Suppose -9*d = -10*d + 24. What is the units digit of d/(10/(-3) - -4)?
6
Suppose -x = -q - 2, 4*x = 2*q + 3*q + 6. Suppose 0 = p - 6*p + q*s - 10, p + s = -9. What is the units digit of (-2 + 62 - p) + 3?
7
Suppose -5*t = -2*m + 439, 0*m + 5*m - 2*t - 1045 = 0. What is the units digit of -4*(-4)/(-12)*m/(-3)?
2
Let w(a) = -a**3 + 41*a**2 - 63*a - 2. Let p be w(38). What is the units digit of (-12)/(-30) + p/10?
4
Let m = -3829 + 6997. What is the tens digit of m?
6
Suppose 1022 = 5*h - 19*h. Let a = h + 401. What is the tens digit of a?
2
Suppose -6*m - 60159 = 27*m. Let g = -1069 - m. What is the hundreds digit of g?
7
Let n = 16903 + 4937. What is the ten thousands digit of n?
2
Let s(b) = 1275*b - 68 - 2877*b + 1415*b. What is the units digit of s(-5)?
7
Let p(g) = -4*g - 18. Let r be p(-5). Suppose -r*t + 7 = -2*f + 91, 2*f - 3*t = 86. Suppose 145 = 5*v - f. What is the tens digit of v?
3
Let r = -3449 + 7039. What is the hundreds digit of r?
5
Suppose -65*l + 66*l - 2*s - 5380 = 0, -5*l + 2*s + 26876 = 0. What is the tens digit of l?
7
Suppose 0 = -5*n + 2479 + 9946. What is the units digit of n?
5
Suppose -2*s = -8 + 4. Suppose s*d + 14 = 4*p, 0 = -3*d - 6 + 3. Suppose 5*i = -5*t + 20, 0 = 5*i + t + p*t - 23. What is the units digit of i?
7
Suppose 7*r - 19749 - 72385 = 97048. What is the ten thousands digit of r?
2
Let b(q) = -480*q + 119*q - 125 + 8 - 87 + 22. What is the tens digit of b(-5)?
2
What is the tens digit of 2924 + (197 + -5)/(-16)?
1
Let h(s) = s**2 + 45*s + 95. Let t be h(-34). Let y = t + 569. What is the units digit of y?
0
Suppose 11*a = 17*a - 12. Suppose -3748 = -5*k - 2*v + 3*v, -a*k + 2*v + 1496 = 0. What is the tens digit of k?
5
What is the thousands digit of (-257272)/(-14) + 16/(-28)?
8
What is the tens digit of (-3 - (-497 + 16/(-8)))/(4/22)?
2
Let u(m) = m**2 + 69*m - 1057. What is the units digit of u(35)?
3
Suppose 37426 = 7*b - 28227. What is the hundreds digit of b?
3
Let b be (-2 + 1)/(2 - 164/80). Suppose 0 = 4*f - b + 4. Suppose 3*p = -4*y + 78 + 225, 0 = -4*y - f*p + 308. What is the units digit of y?
2
Suppose b - 5*l + 7 = 0, b + 4*l - 14 = -3. Suppose 0 = b*k + 56 + 61. What is the units digit of k*(-4 - 40/(-12))?
6
Let h(t) = 213*t**2 - 108*t - 61. What is the hundreds digit of h(6)?
9
Let d = -49 + 6. Let m(i) = 53*i**2 + i + 2. Let g be m(-1). Let o = g + d. What is the units digit of o?
1
Suppose 4*j + 24561 = 13*j. Suppose -10*p = 569 - j. Suppose -4*u + 200 = c, -u + 5*u + 5*c - p = 0. What is the units digit of u?
9
What is the tens digit of (-9 - (-9 - 14/(-2))) + 10788?
8
Let l be (5 + -15)/((-2)/148). Suppose -5*k + k + l = 0. What is the hundreds digit of k?
1
Suppose 9*g + g - 926460 = -2*g. What is the thousands digit of g?
7
What is the tens digit of 20/(-16) - (2007225/(-12))/11?
0
Let n be (-2)/(-20) - (-10 - 505/(-50)). Suppose 32*c - 66855 + 17415 = n. What is the units digit of c?
5
Let s be 2/(-2 + 32/12). Le